visor of 6 and n.
6
Suppose 4*c + 3*i = 72 + 12, 12 = 3*i. Calculate the greatest common factor of 198 and c.
18
Let u(f) = 39*f**2 - 11*f - 24. Let j be u(-3). What is the greatest common factor of j and 40?
40
Suppose -3*j - 11 = -s, 0 = -0*j + j + 2*s - 1. Let h be 3/((-2 - j)/11). What is the highest common factor of h and 22?
11
Suppose -3*v + 117 + 72 = 0. What is the greatest common factor of v and 9?
9
Let a(h) = h**2 + 4*h - 8. Let l be a(-6). Suppose -18 - 54 = -l*z. Calculate the highest common divisor of 9 and z.
9
Let m(z) be the first derivative of -z**2/2 + 4*z + 3. Let v be m(0). What is the highest common divisor of v and 4?
4
Let o be (-6)/(-3) - -2 - 0. Suppose o*f - 11 - 1 = -r, 4*r = -4*f. Suppose -4 - f = -x. Calculate the greatest common factor of 20 and x.
4
Suppose -4*g + 166 = 2*l, 74 = 2*g - l + 5*l. Calculate the greatest common divisor of 301 and g.
43
Let j = 213 - 125. Suppose 3*o - 26 = 5*s, -4*o - 3*s + 3 = 7. Suppose 3*p - 4*u = 13, -47 = -o*p + u - 6*u. What is the highest common divisor of j and p?
11
Suppose 18 = l - 5*b, 0*l + 4*l - 28 = -2*b. What is the highest common factor of l and 8?
8
Suppose 2*q = 3*b + 2 - 7, 15 = -2*q + 5*b. What is the highest common divisor of 5 and q?
5
Let k(q) = -q**3 + 6*q**2 + 6*q - 24. Let a be k(6). Calculate the highest common factor of 36 and a.
12
Suppose q - 2*w = -q + 18, 0 = 3*q + 4*w - 48. Calculate the greatest common divisor of q and 8.
4
Let s(q) = 9*q. Let r be s(2). Suppose -4*a = -78 - r. Let z = 2 + 22. Calculate the greatest common factor of a and z.
24
Let x = -3 - -78. Calculate the greatest common factor of x and 30.
15
Suppose -37 = -5*a + d + 3*d, 3*d + 19 = 2*a. Suppose 5*l - 3*k - 39 = 0, 0*l + a*l + 5*k = 15. Let g = 78 + -42. What is the greatest common factor of l and g?
6
Let p be (36/8)/(1/18). What is the highest common factor of p and 54?
27
Let s = -10 + 6. Let m = s - -68. What is the highest common divisor of m and 8?
8
Suppose -h - m = 2*h - 2, -2*h + 5*m = -7. Suppose -h = -a + 5. Let j(c) = 6*c - 1. Let w be j(a). Calculate the highest common divisor of w and 7.
7
Let b = -42 - -77. What is the greatest common divisor of 14 and b?
7
Let g = -113 + 121. What is the highest common factor of 28 and g?
4
Let j be 4/14 - 36/(-21). Let q be ((-4)/6)/(j/(-18)). Let z = q - 4. What is the greatest common factor of z and 16?
2
Suppose 3*p = -2*j - 3, 0 = p + 4*p + 3*j + 4. Let x be (64/20)/(p/5). Suppose 2*h = -0*h + 8. Calculate the highest common divisor of x and h.
4
Suppose 0 = 11*k - 6*k. Let b be -9 - -25 - (k + 1). What is the highest common divisor of b and 5?
5
Suppose -5 = -8*v + 3*v. Let y be -4*v/(-4)*21. What is the highest common factor of y and 3?
3
Let x = -5 - -89. Suppose 0 = 4*m + 3*o - 72, -2*m + 3*o = 2*o - 26. Suppose 3*r - m = 21. Calculate the highest common factor of x and r.
12
Suppose -44 + 12 = 4*r. Let b(o) = -o**3 - 9*o**2 - 12*o - 11. Let u be b(r). Let l be (u/2)/((-1)/(-4)). Calculate the highest common factor of l and 6.
6
Suppose -h + 5*h = 5*a - 10, -h - 4 = -2*a. What is the greatest common divisor of 6 and a?
2
Let c be 3/(-12)*27*(-8)/3. Calculate the highest common divisor of c and 45.
9
Let o = -3 + 8. Suppose z + 171 = 5*z + o*q, 5*z - 201 = -2*q. What is the greatest common divisor of 13 and z?
13
Let q(o) = 4*o - 4. Let a = 6 + -2. Let l be q(a). Calculate the greatest common factor of l and 84.
12
Let x(l) = l**2 + 5*l + 4. Let j be x(-5). Suppose 42 = 4*u + 2*a, a + j*a + 5 = u. Calculate the highest common factor of u and 50.
10
Let q be (7/21)/(2/198). Calculate the greatest common divisor of 66 and q.
33
Let k be (3 + 0)*8/12. Suppose -k = 2*j, -d + 21 = 4*d - j. What is the highest common divisor of d and 1?
1
Let b(r) be the third derivative of -r**4/6 - 2*r**3/3 - 3*r**2. Let u be b(-3). What is the greatest common divisor of u and 72?
8
Let w = -1 - 0. Suppose -5*c + 0*u = 3*u - 123, 4*u + 20 = c. Let s = c - w. Calculate the greatest common factor of 10 and s.
5
Let w(a) = -3*a + 7*a**2 + 2 + a - 5 + 5. Let l be w(1). Calculate the greatest common divisor of 28 and l.
7
Suppose 9*b = 4*b + 45. Let k = 8 - 5. What is the highest common divisor of k and b?
3
Let w(r) = r**3 - 14*r**2 + 2*r - 19. Suppose -2*k + k + 18 = -2*d, -5*k - 5*d = -60. Let a be w(k). What is the highest common factor of 81 and a?
9
Let q be (-22191)/(-143) - 4/22. What is the highest common factor of 62 and q?
31
Suppose -4*y + 2*y + 56 = 0. Let p = y + -13. What is the greatest common divisor of p and 15?
15
Let p(s) = 7*s**2 - 3. Let f(i) = 36*i**2 - 16. Let l(y) = -2*f(y) + 11*p(y). Let w be l(2). Calculate the highest common divisor of w and 152.
19
Suppose -4*y + 19 = g - 20, -3*y + 30 = g. Let c = 3 - y. Let r be (130/15)/((-4)/c). Calculate the greatest common divisor of 117 and r.
13
Let v be 2*5/10*-7*-3. Let z(n) = -n + 231. Let c be z(0). What is the greatest common divisor of c and v?
21
Let m be (-12)/(-2) - -106 - -2*2. Calculate the highest common factor of 29 and m.
29
Let c be (132 + -1)/(3/6). Let a = c - 163. Let h(j) = -j**3 - 8*j**2 + 8*j. Let d be h(-9). What is the greatest common divisor of a and d?
9
Let l = -9 - -17. Suppose g - l = -g. Suppose 4*d + g*i - 104 = 0, -170 = -5*d + 6*i - i. What is the highest common divisor of 6 and d?
6
Suppose -2*g + 4*i + 104 = -0*i, 0 = 4*g + 4*i - 256. What is the greatest common factor of 4 and g?
4
Suppose 5*f + 3*a + 1 = -0, 15 = 5*f - 5*a. What is the greatest common divisor of f and 3?
1
Let s = 51 + -17. Suppose 242 = a - 0*a. Suppose z - a + 42 = -4*k, -3*z - 12 = 0. Calculate the greatest common divisor of s and k.
17
Suppose 4*r - 1464 = -4*o, 0 = -4*r - 0*o + 3*o + 1450. Calculate the greatest common divisor of r and 13.
13
Suppose 3*h + 0*h - 45 = 0. Let s be ((-48)/9)/4*-27. Suppose -2*l - 2*n = -s, -3*l + 2*n + n = -36. What is the highest common factor of h and l?
15
Let z be (84/16)/7*4. What is the highest common factor of z and 3?
3
Let r = -12 - -24. Let n = 13 - 5. Calculate the greatest common factor of r and n.
4
Let w(j) be the second derivative of -11*j**5/20 + j**3/3 + j**2/2 + 9*j. Let l be w(-1). Calculate the greatest common divisor of 4 and l.
2
Let j(l) be the third derivative of l**5/60 + l**4/24 - 5*l**3/6 + 5*l**2. Let o be j(4). What is the greatest common divisor of 30 and o?
15
Let d be ((-10)/(-3))/(6/27). What is the greatest common factor of d and 135?
15
Suppose -585*d + 580*d = -80. Suppose -2*n + 40 = 3*n. What is the highest common factor of n and d?
8
Let q = 63 + 57. Calculate the greatest common factor of 24 and q.
24
Let x = 18 + -3. What is the highest common factor of x and 10?
5
Let a be 2/3*1*-3. Let z be 14/(-8) - a/(-8). Let p be 2*(1/z + 2). What is the highest common factor of p and 1?
1
Let w be (-8)/(-3)*300/8. Let n be (0 + -3)*(-2)/(-6). Let l be 21 - 0 - n - 2. Calculate the highest common factor of l and w.
20
Suppose l - 32 = 5*f - f, 0 = -4*l - 4*f + 68. Suppose i + 5*h + 1 - 25 = 0, -5*i = 5*h - 40. What is the highest common factor of l and i?
4
Suppose 4*r - 2 = 5*m - 10*m, 2*r - 12 = 3*m. What is the highest common divisor of 12 and r?
3
Suppose 0 = 2*s + 3*s - 440. Calculate the highest common divisor of 8 and s.
8
Let h be ((-24)/8)/((-1)/((-8)/(-3))). What is the highest common factor of h and 10?
2
Suppose 0 = 4*d + 2*q - 38, 3*d + 3*q = 4*q + 41. Let x be d*(14/6 - -3). What is the greatest common factor of 8 and x?
8
Suppose 0 = 3*y - f - 51, 2*f + 57 = 4*y - 9. Calculate the greatest common factor of y and 54.
18
Let r be (2/4 + -2)*-28. Suppose -22 = -2*m + r. What is the greatest common divisor of m and 4?
4
Let y(c) = c + 2. Let n be y(3). Suppose 0*o - 125 = -n*o. Calculate the highest common factor of 25 and o.
25
Let s be 10/6 - 1339/(-39). Calculate the highest common divisor of 162 and s.
18
Let v be (-2)/7 - 272/28. Let h = -4 - v. Suppose -3 = -3*w - h, -5*t + w + 61 = 0. What is the highest common factor of t and 96?
12
Suppose 0 = -6*o + 2*o - 188. Let g = 85 + o. Let y = -17 + 36. What is the greatest common divisor of g and y?
19
Let a = -1 - -2. Calculate the greatest common factor of a and 2.
1
Suppose -8 = -u - 4*k, 3*u + 7 = 4*u + 3*k. Calculate the greatest common 